{"id":1354,"date":"2022-11-28T12:06:40","date_gmt":"2022-11-28T11:06:40","guid":{"rendered":"http:\/\/souheil-salame.com\/?page_id=1354"},"modified":"2023-01-12T10:42:21","modified_gmt":"2023-01-12T09:42:21","slug":"cristallisations","status":"publish","type":"page","link":"https:\/\/souheil-salame.com\/index.php\/cristallisations\/","title":{"rendered":"CRISTALLISATIONS"},"content":{"rendered":"\n<div class=\"wp-block-columns\">\n<div class=\"wp-block-column\">\n<p><strong>CRISTAUX DE MER<\/strong><\/p>\n\n\n\n<p><em>C\u2019est un fragment de rivage dess\u00e9ch\u00e9 comme les anciennes mers disparues.<\/em><\/p>\n\n\n\n<p>Vitraux naturels ou encore mosa\u00efques compos\u00e9es de tesselles de lumi\u00e8re\u2026 <\/p>\n\n\n\n<p>Ces cristaux de sel se d\u00e9posent et s\u2019assemblent selon des inclinaisons vari\u00e9es, cr\u00e9ant ainsi des architectures en forme de fleurs, de feuilles, de rosaces aux multiples facettes \u00e9tincelantes et glac\u00e9es. <\/p>\n\n\n\n<p>Topographie saline faite de protub\u00e9rances h\u00e9riss\u00e9es, de crevasses, de chemin\u00e9es, de d\u00e9pressions et de reliefs\u2026 C\u2019est la <em>chair<\/em> de la cristallisation.<\/p>\n\n\n\n<p><a href=\"http:\/\/souheil-salame.com\/index.php\/cristallisations-2\/\">Voir les cristaux de mer<\/a><\/p>\n\n\n\n<div style=\"height:42px\" aria-hidden=\"true\" class=\"wp-block-spacer\"><\/div>\n\n\n\n<p><strong>CRISTAUX DE TERRE<\/strong><\/p>\n\n\n\n<p>Il y a peu, j\u2019ai entrepris la r\u00e9alisation de nouvelles cristallisations \u00e0 partir de sels gemmes en provenance du Monde.<\/p>\n\n\n\n<p>Sels fossilis\u00e9s, m\u00e9moires d\u2019anciennes mers autrefois vivantes et foisonnant de vie, aujourd\u2019hui disparues et ensevelies.<\/p>\n\n\n\n<p>M\u00e9moires d\u2019un temps lointain pliss\u00e9es, compact\u00e9es et archiv\u00e9es par les soubresauts de la Terre et l\u2019infinitude du temps. M\u00e9moire min\u00e9rale d\u2019un paysage, d\u2019un temps, o\u00f9 l\u2019Homme \u00e9tait inexistant.<\/p>\n\n\n\n<p><a href=\"http:\/\/souheil-salame.com\/index.php\/cristaux-de-terre\/\" data-type=\"page\" data-id=\"841\">Voir les cristaux de terre<\/a><\/p>\n<\/div>\n\n\n\n<div class=\"wp-block-column\">\n<div class=\"wp-block-image is-style-default\"><figure class=\"aligncenter size-medium is-resized\"><a href=\"http:\/\/souheil-salame.com\/index.php\/cristallisations-2\/\"><img loading=\"lazy\" src=\"http:\/\/souheil-salame.com\/wp-content\/uploads\/2021\/10\/DSC6229-300x297.jpg\" alt=\"DSC6229\" class=\"wp-image-1163\" width=\"300\" height=\"297\" srcset=\"https:\/\/souheil-salame.com\/wp-content\/uploads\/2021\/10\/DSC6229-300x297.jpg 300w, https:\/\/souheil-salame.com\/wp-content\/uploads\/2021\/10\/DSC6229-1024x1012.jpg 1024w, https:\/\/souheil-salame.com\/wp-content\/uploads\/2021\/10\/DSC6229-150x150.jpg 150w, https:\/\/souheil-salame.com\/wp-content\/uploads\/2021\/10\/DSC6229-768x759.jpg 768w, https:\/\/souheil-salame.com\/wp-content\/uploads\/2021\/10\/DSC6229-1536x1519.jpg 1536w, https:\/\/souheil-salame.com\/wp-content\/uploads\/2021\/10\/DSC6229-2048x2025.jpg 2048w, https:\/\/souheil-salame.com\/wp-content\/uploads\/2021\/10\/DSC6229-303x300.jpg 303w\" sizes=\"(max-width: 300px) 100vw, 300px\" \/><\/a><figcaption>Temp\u00eate Alex<\/figcaption><\/figure><\/div>\n\n\n\n<p><\/p>\n\n\n\n<div class=\"wp-block-image is-style-default\"><figure class=\"aligncenter size-medium is-resized\"><a href=\"http:\/\/souheil-salame.com\/index.php\/cristaux-de-terre\/\"><img loading=\"lazy\" src=\"http:\/\/souheil-salame.com\/wp-content\/uploads\/2020\/08\/hawai-detail-294x300.jpg\" alt=\"hawai-d\u00e9tail\" class=\"wp-image-874\" width=\"294\" height=\"300\" srcset=\"https:\/\/souheil-salame.com\/wp-content\/uploads\/2020\/08\/hawai-detail-294x300.jpg 294w, https:\/\/souheil-salame.com\/wp-content\/uploads\/2020\/08\/hawai-detail-1004x1024.jpg 1004w, https:\/\/souheil-salame.com\/wp-content\/uploads\/2020\/08\/hawai-detail-768x783.jpg 768w, https:\/\/souheil-salame.com\/wp-content\/uploads\/2020\/08\/hawai-detail.jpg 1177w\" sizes=\"(max-width: 294px) 100vw, 294px\" \/><\/a><figcaption><em>Sel rouge d&rsquo;Hawa\u00ef<\/em><\/figcaption><\/figure><\/div>\n<\/div>\n<\/div>\n\n\n\n<div class=\"wp-block-group\"><div class=\"wp-block-group__inner-container\">\n<p><\/p>\n<\/div><\/div>\n","protected":false},"excerpt":{"rendered":"<p>CRISTAUX DE MER C\u2019est un fragment de rivage dess\u00e9ch\u00e9 comme les anciennes mers disparues. Vitraux naturels ou encore mosa\u00efques compos\u00e9es de tesselles de lumi\u00e8re\u2026 Ces cristaux de sel se d\u00e9posent et s\u2019assemblent selon des inclinaisons &hellip;<\/p>\n","protected":false},"author":1,"featured_media":0,"parent":0,"menu_order":0,"comment_status":"closed","ping_status":"closed","template":"","meta":[],"_links":{"self":[{"href":"https:\/\/souheil-salame.com\/index.php\/wp-json\/wp\/v2\/pages\/1354"}],"collection":[{"href":"https:\/\/souheil-salame.com\/index.php\/wp-json\/wp\/v2\/pages"}],"about":[{"href":"https:\/\/souheil-salame.com\/index.php\/wp-json\/wp\/v2\/types\/page"}],"author":[{"embeddable":true,"href":"https:\/\/souheil-salame.com\/index.php\/wp-json\/wp\/v2\/users\/1"}],"replies":[{"embeddable":true,"href":"https:\/\/souheil-salame.com\/index.php\/wp-json\/wp\/v2\/comments?post=1354"}],"version-history":[{"count":23,"href":"https:\/\/souheil-salame.com\/index.php\/wp-json\/wp\/v2\/pages\/1354\/revisions"}],"predecessor-version":[{"id":1460,"href":"https:\/\/souheil-salame.com\/index.php\/wp-json\/wp\/v2\/pages\/1354\/revisions\/1460"}],"wp:attachment":[{"href":"https:\/\/souheil-salame.com\/index.php\/wp-json\/wp\/v2\/media?parent=1354"}],"curies":[{"name":"wp","href":"https:\/\/api.w.org\/{rel}","templated":true}]}}