{"id":812,"date":"2020-08-20T16:30:39","date_gmt":"2020-08-20T14:30:39","guid":{"rendered":"http:\/\/souheil-salame.com\/?page_id=812"},"modified":"2020-10-17T15:25:31","modified_gmt":"2020-10-17T13:25:31","slug":"eau-et-lumiere","status":"publish","type":"page","link":"https:\/\/souheil-salame.com\/index.php\/textes\/eau-et-lumiere\/","title":{"rendered":"\u00ab\u00a0Mer sur Lumi\u00e8re\u00a0\u00bb"},"content":{"rendered":"<figure id=\"attachment_846\" aria-describedby=\"caption-attachment-846\" style=\"width: 600px\" class=\"wp-caption alignleft\"><img loading=\"lazy\" class=\"wp-image-846\" src=\"http:\/\/souheil-salame.com\/wp-content\/uploads\/2020\/08\/lumiere1-1024x684.jpg\" alt=\"\" width=\"600\" height=\"401\" srcset=\"https:\/\/souheil-salame.com\/wp-content\/uploads\/2020\/08\/lumiere1-1024x684.jpg 1024w, https:\/\/souheil-salame.com\/wp-content\/uploads\/2020\/08\/lumiere1-300x200.jpg 300w, https:\/\/souheil-salame.com\/wp-content\/uploads\/2020\/08\/lumiere1-768x513.jpg 768w, https:\/\/souheil-salame.com\/wp-content\/uploads\/2020\/08\/lumiere1-1536x1026.jpg 1536w, https:\/\/souheil-salame.com\/wp-content\/uploads\/2020\/08\/lumiere1-449x300.jpg 449w, https:\/\/souheil-salame.com\/wp-content\/uploads\/2020\/08\/lumiere1.jpg 1796w\" sizes=\"(max-width: 600px) 100vw, 600px\" \/><figcaption id=\"caption-attachment-846\" class=\"wp-caption-text\">Photo JC Fraicher<\/figcaption><\/figure>\n<p>Dans l&rsquo;eau, la lumi\u00e8re est en mouvement.<br \/>\nElle est fragments, morceaux, copeaux, tranches, panneaux de lumi\u00e8re.<br \/>\nElle est gla\u00e7on d\u00e9chiquet\u00e9. Elle miroite le bleu tr\u00e8s l\u00e9ger de la surface au bleu profond des abysses.<br \/>\nDans l&rsquo;eau, la lumi\u00e8re est gamine, elle joue et danse.<\/p>\n<p>Dans l&rsquo;eau, je rentre nu, d\u00e9v\u00eatu de mes habits terrestre. La plante de mes pieds se d\u00e9racine. Je suis en apesanteur. Mes jambes sont des nageoires, elles me propulsent dans l&rsquo;espace liquide infini.<\/p>\n<p>Dans l&rsquo;eau, la peau devient membrane. Elle se d\u00e9ploie, respire et vibre. Elle est tympan primitif d\u00e9rivant au gr\u00e9 des courants.<\/p>\n<p>Elle est m\u00e9duse de l&rsquo;espace. Elle capte le bruit de fond, le bruissement des com\u00e8tes&#8230;<\/p>\n<p>Ma peau transpire de l&rsquo;eau de com\u00e8tes suinte de mes yeux<\/p>\n<p>Je me baigne nu dans l&rsquo;eau du cosmos. Des courants m&rsquo;\u00e9loignent&#8230;<\/p>\n<p>Je secr\u00e8te des \u00ab\u00a0Cristallisations\u00a0\u00bb.<\/p>\n<p>Souheil 2020<\/p>\n","protected":false},"excerpt":{"rendered":"<p>Dans l&rsquo;eau, la lumi\u00e8re est en mouvement. Elle est fragments, morceaux, copeaux, tranches, panneaux de lumi\u00e8re. Elle est gla\u00e7on d\u00e9chiquet\u00e9. Elle miroite le bleu tr\u00e8s l\u00e9ger de la surface au bleu profond des abysses. Dans &hellip;<\/p>\n","protected":false},"author":1,"featured_media":0,"parent":709,"menu_order":0,"comment_status":"closed","ping_status":"closed","template":"","meta":[],"_links":{"self":[{"href":"https:\/\/souheil-salame.com\/index.php\/wp-json\/wp\/v2\/pages\/812"}],"collection":[{"href":"https:\/\/souheil-salame.com\/index.php\/wp-json\/wp\/v2\/pages"}],"about":[{"href":"https:\/\/souheil-salame.com\/index.php\/wp-json\/wp\/v2\/types\/page"}],"author":[{"embeddable":true,"href":"https:\/\/souheil-salame.com\/index.php\/wp-json\/wp\/v2\/users\/1"}],"replies":[{"embeddable":true,"href":"https:\/\/souheil-salame.com\/index.php\/wp-json\/wp\/v2\/comments?post=812"}],"version-history":[{"count":10,"href":"https:\/\/souheil-salame.com\/index.php\/wp-json\/wp\/v2\/pages\/812\/revisions"}],"predecessor-version":[{"id":1031,"href":"https:\/\/souheil-salame.com\/index.php\/wp-json\/wp\/v2\/pages\/812\/revisions\/1031"}],"up":[{"embeddable":true,"href":"https:\/\/souheil-salame.com\/index.php\/wp-json\/wp\/v2\/pages\/709"}],"wp:attachment":[{"href":"https:\/\/souheil-salame.com\/index.php\/wp-json\/wp\/v2\/media?parent=812"}],"curies":[{"name":"wp","href":"https:\/\/api.w.org\/{rel}","templated":true}]}}